it of l?
9
What is the hundreds digit of (301185/35)/3 + (-3)/7?
8
Suppose -22 + 28 = g. Suppose g*b - 1009 - 677 = 0. What is the hundreds digit of b?
2
Let n be 3 + -5 + 2 + 197. Let v = -224 + 106. Let u = n + v. What is the tens digit of u?
7
Let o be 28/98 + (-1474)/14. Let z = o + 108. Suppose -215 - 100 = -z*r. What is the tens digit of r?
0
Let c(j) = -4*j - 198. Let f(o) = -o. Let p(i) = -2*c(i) + 14*f(i). What is the units digit of p(0)?
6
Suppose -2*t - 19 = -23. Suppose 2*f - 30 = j, t*f - j = 4*f - 30. Let d(r) = 3*r - 12. What is the tens digit of d(f)?
3
What is the thousands digit of (-6)/20 + (-370896831)/(-5570)?
6
Let j be ((-7)/((-35)/2))/(1/(-40)). Let d be 20/j - (-75)/(-20). What is the units digit of 12/(-15) + (-804)/d?
0
Let u = 17819 + -12655. Suppose 3*m - u = 4*g, -2*m + 3084 = g - 344. What is the thousands digit of m?
1
Suppose 2*x + 3*g = -2, -4*x = g + 2*g + 10. What is the hundreds digit of 130/x*5/((-150)/396)?
4
Let j(h) = -4*h**2 + 10 + h**2 - 12*h + 3*h**3 + 5*h**2 + 2. What is the tens digit of j(4)?
8
Let g = 26510 - -8875. What is the thousands digit of g?
5
Let h = -17967 + 25741. What is the tens digit of h?
7
Let w(v) = -v**2 - 38*v - 104. Let b be w(-3). What is the hundreds digit of -4 - b/((-7)/5488)?
7
Let v be (-10255)/(-28) - 7/28. Suppose -357*y + v*y - 5598 = 0. What is the units digit of y?
2
Let b be 9*(2 + (-3 - 0)). What is the tens digit of (-732)/(-27) + 1/b?
2
Let u(p) = p + 21. Let k be u(-19). Suppose 0*w = j - 4*w - 523, 0 = -2*j - k*w + 1086. Suppose 6*o - j = -131. What is the units digit of o?
8
Let q(k) = 6*k**2 - 24*k + 5. Let f be q(4). Suppose -f*h + 4*r + 1831 = 0, 3*h - 5*r = -7*r + 1081. What is the tens digit of h?
6
Suppose -5*w + 191 = 3*z, -4*w - 3*z = -16 - 138. Let f(t) = -t**2 + 53*t - 83. What is the tens digit of f(w)?
0
Let n = 1792 - -1752. What is the units digit of n?
4
Suppose -3024 = -4*i + 2*j, 4*j + 768 = i + 12. Let v = i - 282. What is the tens digit of v?
7
Let t = 119 - 131. What is the units digit of (-3990)/(-9) + (4/t - -2)?
5
Let w(a) = -10*a**2 + 7*a - 16. Let g be w(2). What is the hundreds digit of 4220*(g/(-15))/7?
6
Let s = -11994 + 21847. What is the units digit of s?
3
Let j = 47241 - 18641. What is the hundreds digit of j?
6
Let a(g) = g**3 + 18*g**2 - 65*g - 3. Let k = -238 - -218. What is the units digit of a(k)?
7
Suppose -21*z = -24*z + 150. Suppose z = 5*o + 10. Suppose 443 = o*t + 147. What is the units digit of t?
7
Let m(d) = 7*d**2 + 16*d + 41. Let w be m(-3). Let n = w + 113. What is the hundreds digit of n?
1
Suppose 5*s - 3*f - 75028 = 12040, 5*s = -5*f + 87060. What is the ten thousands digit of s?
1
Let y = 76 + -70. Suppose s - 18 = -f - 4*s, -3*s = 3*f - y. What is the units digit of (f/(-4))/((-19)/(-2432))?
4
Let o be (-41)/(-6) + (150/36 - 4). Suppose -4*u - 168 = -r, o*u - 4*u - 391 = -2*r. What is the tens digit of r?
8
Let p(x) = 74*x - 32. Let u be p(3). Suppose f = -2*m + u, 3*f + 2*m + 586 = 6*f. What is the hundreds digit of f?
1
Let i be (-1)/((-2)/(-185))*60/(-25). Suppose -2*k + 370 = -5*c, -3*c + 6*k = 10*k + i. Let r = c + 180. What is the tens digit of r?
0
Suppose 5*t = -4*d + 15148, -15184 = -4*d + 4*t - 0*t. Suppose -29*q + d = -26*q. What is the thousands digit of q?
1
Let t = -14009 + -113776. What is the units digit of 4/26 + t/(-455)?
1
Let q(o) = 1249*o + 5940. What is the tens digit of q(6)?
3
Let d(q) = 528*q**3 - 2*q - 1. Let a be d(-1). Let u = -216 - a. What is the tens digit of u?
1
Let m = -11886 + 55002. What is the hundreds digit of m?
1
Let z(m) = 791*m**3 + 2*m**2 - 2*m. Suppose -8*p = -1 - 7. What is the units digit of z(p)?
1
Let u = -13879 + 36467. What is the thousands digit of u?
2
Suppose -14*c + 9616 = -22*c. Let r = -700 - c. What is the tens digit of r?
0
Suppose -s - 3*d + 3395 = -13531, -5*d = 3*s - 50782. What is the thousands digit of s?
6
Suppose -p - w + 21 = 8, 20 = 4*w. Let m be (-536)/(-18) + p/36. What is the tens digit of (-4)/(-2) + 2 + m?
3
Let q be 4/(-10)*(-475)/10. Suppose -8*f + 7533 = q*f. What is the tens digit of f?
7
What is the units digit of -8 - (347889/(-10) - -3*2/(-60))?
1
Let y = 101444 + -56887. What is the tens digit of y?
5
Let i = -978 - -4585. What is the tens digit of i?
0
Suppose 5*j = -j + 462. Let o = j + -55. Suppose -h = -2*s - o, -s + 2*s = -1. What is the units digit of h?
0
Suppose -4664 = -62*c + 54*c. Let m = c - -148. What is the tens digit of m?
3
Suppose -c = 4*c - 85166 + 24566. What is the units digit of c?
0
Suppose 8*w - 4*w - 44 = 0. Let p be (w/(-3))/(7/(-21)). Suppose p*z - 8*z - 387 = 0. What is the hundreds digit of z?
1
Let f(o) = o**2 + 20*o - 6. Let a be f(10). Suppose m = 4*m - a. What is the units digit of m?
8
Let k = 970 + 733. What is the units digit of k?
3
Let y(h) = h**2 + 8*h - 11. Let f be y(-7). Let u = f - -24. Suppose u*n - 443 = 13. What is the tens digit of n?
7
Suppose -3*w + 2*j + 13 = 0, -w = -0*w + j - 1. What is the units digit of (4 + -1 + w)*352/12?
6
Let x be (-2)/8 - 42/24. Let h(j) = 10*j + 87. Let o be h(-9). What is the units digit of 2*o/6*x?
2
Let m be ((-100)/8*92)/(4/(-46)). Suppose 0 = -5*t - 18*t + m. What is the tens digit of t?
7
Suppose 2*z = -k + 1761, -2*k - k - 1741 = -2*z. What is the tens digit of z*(6/((-36)/(-6)))/1?
7
Suppose 0 = 8*d - 2*u - 123426, 0 = 7*u - 6*u + 1. What is the ten thousands digit of d?
1
What is the tens digit of 50/(-2 + 7) + 675?
8
Let b = -279 - -234. What is the hundreds digit of 2/(-6) + (-5)/b*7275?
8
Suppose 5*l - 4*t - 16 = 9, 5*l - 25 = -3*t. Suppose -l*u + 2*w - 1071 = -3182, -w + 839 = 2*u. What is the hundreds digit of u?
4
Let t = -35527 + 62863. What is the hundreds digit of t?
3
Let x(q) = q - 10. Let w be x(20). What is the units digit of 22715/119 - w/(-85)?
1
Let g = -283 + 2148. What is the hundreds digit of g?
8
Suppose 0 = 4*t + 5*u - 58294, 0 = t - 2*t + 4*u + 14563. Suppose 25*m - 13029 = t. What is the units digit of m?
4
Suppose -85 = k - 18*k. Suppose -x + 2*d + 129 + 6 = 0, k*d - 675 = -5*x. What is the hundreds digit of x?
1
Let c be -3 + (4 - 2/(8/(-4))). Let r(y) = 138*y + 17. What is the units digit of r(c)?
3
Let k = -31 - -35. Suppose -6*h = -k - 14. Let j(c) = 10*c**2 + 2*c - 6. What is the units digit of j(h)?
0
Suppose 0 = -j + 3*p + 8327, -3*j + 5*p - 16742 = -5*j. What is the tens digit of j?
5
Let x = 1149 + 19391. What is the tens digit of x?
4
Suppose 0 = 2*p - 4*v + v - 4601, -4600 = -2*p + 4*v. What is the hundreds digit of p?
3
Let s be 5 - 3 - -2 - 2. What is the tens digit of s + ((-2)/7 - (-51918)/119)?
3
Suppose -s + 5*m = -25995, 3*m + 46750 = 3*s - 31175. What is the tens digit of s?
7
Let j be 116*(-8 + (5 - 0)). Let c = -150 - j. Let g = -65 + c. What is the units digit of g?
3
Suppose -8*u - 45182 = -325022. What is the tens digit of u?
8
Let o(t) = -4*t - 1. Let x be (41/(-82))/(46/44 - 1). Let r be o(x). Let a = r - -49. What is the tens digit of a?
9
Let o(n) be the second derivative of -5*n**3/3 - 82*n**2 - n + 2. What is the tens digit of o(-46)?
9
Suppose 2*z + 63 = 5*o, 3*o - 13 = z - 6*z. Suppose -7*s + 5*s = -8, -169 = -5*r - s. Let n = r + o. What is the units digit of n?
4
Let d = 6578 - -2948. What is the hundreds digit of d?
5
Let y = -228 + 128. Let f be (-2 - y/4) + 3. Let q = -6 + f. What is the tens digit of q?
2
Suppose 294694 = 62*u + 73*u - 1262936. What is the tens digit of u?
3
Suppose -5*r + 188*n = 190*n - 144587, -2*n = -2*r + 57818. What is the tens digit of r?
1
What is the thousands digit of 24/(-18)*(-58482)/72?
1
Suppose 47*s + 3396 = 51*s - 2*w, 3*w = 0. What is the hundreds digit of s?
8
Let o be 4 - (4 - 3 - -19). Let m = o - -21. Suppose m*n - 6*n + 23 = 0. What is the units digit of n?
3
Let k(o) = -2*o - 3*o - 9 + 4*o - 3*o**2 + 3*o**3 + 8*o. Let x be k(4). Let d = 317 - x. What is the tens digit of d?
5
Let x(h) = -9*h**3 + 12*h**2 - 7*h + 23. Let n(i) = -28*i**3 + 34*i**2 - 21*i + 68. Let j(m) = -4*n(m) + 11*x(m). What is the tens digit of j(4)?
7
Let o(q) = 471*q + 14. Suppose 35*j + 4*i = 31*j + 8, 2 = 4*j - 2*i. What is the hundreds digit of o(j)?
4
Let q = 39 - 71. Let x = -30 - q. What is the units digit of 2/(0 + x/47)?
7
Suppose -107 = -l - 4*p, 0*p + 5*p - 20